YEARLY CLIMATOLOGICAL SUMMARY for Aug 2019

NAME: Granudden   CITY: Färjestaden STATE: Öland
ELEV: 12 LAT: 056:38:42 LONG: -016:28:48

                            TEMPERATURE ( °C), RAIN (mm), WIND SPEED (kn)

                                                 HEAT     COOL           AVG
      MEAN                                       DEG      DEG            WIND                        DOM
MTH   TEMP    HIGH   TIME      LOW     TIME      DAYS     DAYS   RAIN    SPEED    HIGH    TIME       DIR
--------------------------------------------------------------------------------------------------------
01    00.4    07.2   06:37   -08.4   02:15    0556.2    0000.0    37.6    00.0     06.0    23:57     WSW
02    03.1    11.6   13:13   -06.4   07:52    0412.9    0000.0    34.0    00.1     15.0    15:33     WSW
03    04.5    13.4   12:54   -03.4   21:27    0425.5    0000.0    09.6    00.2     19.0    23:57      SW
04    06.7    18.8   15:02   -01.8   01:40    0337.1    0000.0    02.2    01.6     25.0    09:24     NNW
05    10.7    22.3   14:52   -00.9   05:24    0236.7    0000.0    42.2    03.4     26.0    23:55     WNW
06    18.3    30.4   13:45    08.1   05:19    0025.5    0020.1    24.2    03.1     24.0    19:21     WSW
07    17.4    26.2   13:13    09.6   04:54    0047.2    0021.4    24.6    03.4     25.0    23:54      NW
08    18.8    28.7   15:12    11.2   03:56    0015.1    0031.2    17.6    02.7     23.0    23:54     WSW
--------------------------------------------------------------------------------------------------------
      10.0    30.4            -8.4            2056.3     072.7   209.6     1.8     26.0              WSW

Max >=  32.0: 78
Max <=   0.0: 91
Min <=   0.0: 50
Min <= -18.0: 0
Max >=  32.0: 78
Max <=   0.0: 91
Min <=   0.0: 50
Min <= -18.0: 0
Max <=  -5.0: 0
Min <=  -5.0: 6
Max <= -10.0: 0
Min <= -10.0: 0
Max <= -15.0: 0
Min <= -15.0: 0
Max <= -20.0: 0
Min <= -20.0: 0
Max <= -25.0: 0
Min <= -25.0: 0
Max Rain: 0.0 ON 31-01-19
Days of Rain: 86 (> .2mm) 34 (> 2mm) 0 (> 20mm)
--------------------------------------------------------------------------------------------------------