MONTHLY CLIMATOLOGICAL SUMMARY for SEP. 2019

NAME: Granudden   CITY: Färjestaden STATE: Öland
ELEV: 12 LAT: 056:38:42 LONG: -016:28:48

                            TEMPERATURE ( °C), RAIN (mm), WIND SPEED (kn)

                                               HEAT     COOL           AVG
      MEAN                                     DEG      DEG            WIND                       DOM
DAY   TEMP    HIGH   TIME     LOW    TIME      DAYS     DAYS    RAIN   SPEED    HIGH    TIME      DIR
--------------------------------------------------------------------------------------------------------
01    22.5    26.8   13:28    17.8   00:00     00.0     04.2    00.0   05.1     18.0    10:23      S 
02    17.5    21.1   13:59    14.2   00:00     00.8     00.0    00.0   03.2     14.0    15:26      W 
03    15.4    18.6   13:55    09.6   06:36     02.9     00.0    02.0   03.1     17.0    15:26     SSW
04    16.5    19.9   14:32    12.8   06:10     01.8     00.0    00.0   03.2     15.0    18:33     SSW
05    16.9    20.2   13:02    13.3   00:00     01.4     00.0    01.2   03.8     17.0    15:25     SSW
06    14.7    18.6   14:30    11.6   05:22     03.6     00.0    00.0   03.7     17.0    01:12      SW
07    15.4    19.8   16:05    11.6   06:00     02.9     00.0    06.2   03.0     16.0    12:42      S 
08    14.3    16.1   12:37    12.4   01:03     04.0     00.0    00.4   03.9     17.0    17:33     NNE
09    16.2    19.9   14:14    13.9   06:07     02.1     00.0    01.8   03.1     16.0    16:46      NE
10    16.4    19.7   11:58    13.4   00:00     01.9     00.0    01.0   03.5     23.0    13:03     ENE
11    15.8    19.1   13:57    12.5   03:27     02.5     00.0    02.0   03.6     18.0    22:54     SSW
12    16.4    19.4   14:52    14.1   07:38     01.9     00.0    01.6   03.5     18.0    00:39      SW
13    15.8    18.6   16:27    12.7   00:00     02.5     00.0    01.2   05.7     21.0    14:20      W 
14    14.2    17.9   16:33    10.9   06:01     04.1     00.0    00.0   04.3     15.0    19:45      W 
15    14.7    17.8   14:22    13.2   23:16     03.6     00.0    00.0   06.3     23.0    22:55     WSW
16    13.7    16.4   15:09    10.9   00:00     04.6     00.0    00.0   08.0     21.0    00:18     WNW
17    09.8    13.1   13:15    07.1   16:56     08.5     00.0    05.4   04.3     18.0    16:26     WNW
18    11.0    15.1   15:36    07.7   07:34     07.3     00.0    00.0   05.2     15.0    00:53      NW
19    10.5    14.6   14:47    06.8   04:03     07.8     00.0    00.0   04.3     16.0    09:15     NNW
20    10.3    15.6   15:40    02.9   07:33     08.0     00.0    00.0   01.8     10.0    14:05      SW
21    15.2    22.1   17:05    10.8   01:35     03.1     00.0    00.0   01.6     10.0    13:48      SW
22    12.6    16.3   14:17    09.0   03:51     05.7     00.0    00.0   03.3     19.0    17:08     NNE
--------------------------------------------------------------------------------------------------------
14.8 (14.9)   26.8  day 01     02.9  day 20   081.1    004.2   022.8   04.0     23.0   day 16      W 
Max >=  20: 4
Max Rain: 6.2 ON 7-09-19
Days of Rain: 10 (> .2mm) 2 (> 2mm) 0 (> 20mm)