MONTHLY CLIMATOLOGICAL SUMMARY for NOV. 2019

NAME: Granudden   CITY: Färjestaden STATE: Öland
ELEV: 12 LAT: 056:38:42 LONG: -016:28:48

                            TEMPERATURE ( °C), RAIN (mm), WIND SPEED (kn)

                                               HEAT     COOL           AVG
      MEAN                                     DEG      DEG            WIND                       DOM
DAY   TEMP    HIGH   TIME     LOW    TIME      DAYS     DAYS    RAIN   SPEED    HIGH    TIME      DIR
--------------------------------------------------------------------------------------------------------
01    05.6    08.7   12:53    02.3   03:04     12.7     00.0    00.0   02.1     11.0    20:03     SSE
02    07.4    08.6   23:25    05.9   06:31     10.9     00.0    08.0   02.2     10.0    07:29      SE
03    08.6    09.3   11:54    08.2   00:00     09.7     00.0    08.8   03.8     19.0    21:07      NE
04    07.5    08.2   00:10    06.7   19:11     10.8     00.0    02.0   08.1     23.0    07:13      NE
05    05.2    07.3   00:03    03.2   00:00     13.1     00.0    04.8   09.7     23.0    09:58      N 
06    03.3    04.3   12:42    02.7   20:17     15.0     00.0    00.2   09.9     20.0    02:34     NNW
07    03.8    05.4   15:29    02.4   05:42     14.5     00.0    00.0   03.5     12.0    00:55      N 
08    07.3    09.8   12:57    04.6   01:06     11.0     00.0    01.0   02.6     15.0    10:02      SE
09    07.3    07.9   13:57    05.8   23:55     11.0     00.0    07.4   02.2     16.0    23:23     NNE
10    03.5    05.9   00:01    02.1   23:48     14.8     00.0    05.6   05.2     16.0    02:26     NNW
11    04.2    08.1   12:48    01.6   06:02     14.1     00.0    00.0   03.1     13.0    12:44     SSE
12    06.4    07.6   10:22    04.8   00:24     11.9     00.0    01.0   04.6     19.0    07:07     SSE
13    06.1    07.3   12:50    05.2   20:15     12.2     00.0    00.8   02.5     10.0    04:20      SE
14    05.1    08.2   11:57    01.4   00:00     13.2     00.0    02.6   01.5     08.0    12:03      SE
15    06.3    08.3   22:31    01.2   03:32     12.0     00.0    00.4   04.8     21.0    17:31      E 
16    08.6    10.3   19:56    07.4   00:00     09.7     00.0    02.8   06.1     23.0    21:51      SE
17    07.5    08.8   12:48    06.4   19:22     10.8     00.0    00.0   04.1     23.0    04:41      S 
18    08.9    09.3   10:56    07.9   00:49     09.4     00.0    00.2   04.5     17.0    06:06     ESE
19    07.9    09.4   02:09    06.4   14:14     10.4     00.0    04.2   06.3     23.0    18:55      S 
--------------------------------------------------------------------------------------------------------
06.3 (6.3)   10.3  day 16     01.2  day 15   227.2    000.0   049.8   04.6     23.0   day 05     ENE
Max <=   10: 18
Max Rain: 8.8 ON 3-11-19
Days of Rain: 15 (> .2mm) 8 (> 2mm) 0 (> 20mm)