MONTHLY CLIMATOLOGICAL SUMMARY for OCT. 2019

NAME: Granudden   CITY: Färjestaden STATE: Öland
ELEV: 12 LAT: 056:38:42 LONG: -016:28:48

                            TEMPERATURE ( °C), RAIN (mm), WIND SPEED (kn)

                                               HEAT     COOL           AVG
      MEAN                                     DEG      DEG            WIND                       DOM
DAY   TEMP    HIGH   TIME     LOW    TIME      DAYS     DAYS    RAIN   SPEED    HIGH    TIME      DIR
--------------------------------------------------------------------------------------------------------
01    10.0    13.2   14:11    07.7   04:53     08.3     00.0    00.0   03.5     17.0    06:06     WSW
02    09.4    14.8   15:12    06.5   20:27     08.9     00.0    00.0   02.1     11.0    02:10      SW
03    07.6    09.0   14:19    05.8   22:23     10.7     00.0    00.0   07.3     18.0    09:20     NNW
04    05.7    07.9   14:48    03.3   07:12     12.6     00.0    00.0   05.4     16.0    10:02      N 
05    05.5    07.5   15:16    03.4   06:43     12.8     00.0    00.0   07.5     21.0    13:52      N 
06    04.8    07.3   15:46    02.0   07:20     13.5     00.0    00.6   05.8     14.0    20:44      N 
07    05.1    09.8   16:40    00.2   00:00     13.2     00.0    00.8   03.1     13.0    04:46      N 
08    05.0    09.4   20:09    00.0   00:40     13.3     00.0    03.0   01.5     10.0    17:33      SE
09    10.3    14.1   14:46    07.2   00:02     08.0     00.0    00.0   02.1     11.0    17:40     SSW
10    10.0    12.6   15:21    08.3   06:46     08.3     00.0    00.6   01.5     09.0    16:52     SSW
11    11.0    12.7   18:23    09.2   02:04     07.3     00.0    03.0   04.1     20.0    10:15     SSW
12    11.8    14.8   14:46    10.7   07:37     06.5     00.0    02.8   03.5     17.0    02:20     SSW
13    11.0    13.3   16:32    09.6   08:57     07.3     00.0    16.2   02.8     13.0    23:20      S 
14    12.4    14.6   04:42    09.5   00:00     05.9     00.0    01.8   04.1     23.0    11:41     WSW
15    11.1    13.6   12:39    09.4   05:01     07.2     00.0    00.2   02.6     15.0    12:34      E 
16    10.6    11.3   09:17    09.8   01:20     07.7     00.0    02.0   03.7     12.0    15:00      N 
17    11.5    12.9   13:03    09.9   05:57     06.8     00.0    00.2   02.2     11.0    13:12      SW
18    12.4    13.5   12:45    11.4   07:49     05.9     00.0    02.2   03.0     15.0    23:15     SSE
19    11.1    13.2   16:19    09.4   22:17     07.2     00.0    01.4   04.1     16.0    12:36      S 
--------------------------------------------------------------------------------------------------------
09.3 (9.4)   14.8  day 02     00.0  day 19   171.2    000.0   035.0   03.7     23.0   day 05     NNW
Max <=   10: 6
Min <=   0: 1
Max Rain: 16.2 ON 13-10-19
Days of Rain: 13 (> .2mm) 5 (> 2mm) 0 (> 20mm)