MONTHLY CLIMATOLOGICAL SUMMARY for MAY. 2020

NAME: Granudden   CITY: Färjestaden STATE: Öland
ELEV: 12 LAT: 056:38:42 LONG: -016:28:48

                            TEMPERATURE ( °C), RAIN (mm), WIND SPEED (kn)

                                               HEAT     COOL           AVG
      MEAN                                     DEG      DEG            WIND                       DOM
DAY   TEMP    HIGH   TIME     LOW    TIME      DAYS     DAYS    RAIN   SPEED    HIGH    TIME      DIR
--------------------------------------------------------------------------------------------------------
01    09.3    12.4   18:43    06.9   00:00     09.0     00.0    02.0   04.2     20.0    15:36     SSE
02    07.3    11.1   16:46    03.2   05:21     11.0     00.0    03.4   01.8     10.0    20:35     ESE
03    10.0    16.3   16:18    06.0   06:22     08.3     00.0    00.4   02.4     11.0    19:22     WSW
04    09.6    15.3   17:38    06.1   06:27     08.7     00.0    01.6   03.8     17.0    22:29      W 
05    07.0    08.0   17:39    05.6   08:14     11.3     00.0    00.2   08.6     22.0    16:18      N 
06    11.1    16.6   15:35    06.0   04:05     07.2     00.0    00.0   03.5     13.0    20:15      NW
07    10.2    14.8   13:33    06.0   00:00     08.1     00.0    00.0   04.4     15.0    19:39      N 
08    11.6    16.9   13:59    05.8   01:28     06.7     00.0    00.0   03.3     17.0    19:03      W 
09    12.3    18.2   18:10    06.6   04:00     06.0     00.0    00.0   03.2     14.0    16:06     SSW
10    12.7    17.8   16:15    06.6   05:46     05.6     00.0    00.0   03.6     18.0    10:05      S 
11    06.7    11.1   00:03    02.8   21:49     11.6     00.0    01.4   07.8     23.0    06:49      N 
12    07.2    11.3   14:54    03.8   05:57     11.1     00.0    00.4   04.6     18.0    18:43     WSW
13    07.0    12.2   17:50    03.2   05:15     11.3     00.0    00.0   04.0     17.0    12:18     WNW
14    07.8    12.4   18:40    00.6   05:00     10.5     00.0    00.0   03.4     20.0    13:27      W 
15    09.7    13.0   15:33    06.6   04:01     08.6     00.0    00.2   03.7     17.0    04:21     WSW
16    09.3    12.1   17:26    06.9   09:59     09.0     00.0    06.4   05.4     23.0    10:02      W 
17    09.6    13.4   15:20    07.1   04:19     08.7     00.0    01.0   05.3     20.0    17:34      W 
18    11.3    16.2   15:18    06.3   04:48     07.0     00.0    00.0   03.6     15.0    18:13      W 
19    10.6    14.1   19:01    07.7   22:57     07.7     00.0    00.0   01.9     08.0    11:04      W 
20    09.9    13.2   15:44    06.7   23:01     08.4     00.0    00.0   04.2     17.0    13:12     NNE
21    10.1    14.7   14:00    03.3   04:16     08.2     00.0    00.0   02.0     16.0    15:13      SW
22    12.0    17.8   15:56    07.1   04:31     06.3     00.0    00.0   02.7     15.0    15:03      S 
23    10.2    11.5   18:10    08.2   11:46     08.1     00.0    01.4   04.2     16.0    03:28     SSE
24    11.6    15.3   11:29    08.9   05:03     06.7     00.0    03.0   02.4     14.0    11:59     SSW
25    11.0    13.4   11:33    08.1   23:53     07.3     00.0    00.0   05.1     18.0    15:21      N 
26    13.1    18.2   13:24    07.1   02:11     05.2     00.0    00.0   03.2     13.0    17:18      W 
27    15.3    19.1   13:32    10.9   02:55     03.0     00.0    00.0   03.9     18.0    13:56     WSW
--------------------------------------------------------------------------------------------------------
10.1 (10.2)   19.1  day 27     00.0  day 27   220.9    000.0   021.4   03.9     23.0   day 11      W 
Max <=   10: 1
Max Rain: 6.4 ON 16-05-20
Days of Rain: 12 (> .2mm) 3 (> 2mm) 0 (> 20mm)