MONTHLY CLIMATOLOGICAL SUMMARY for MAR. 2024 NAME: Granudden CITY: Färjestaden STATE: Öland ELEV: 12 LAT: 056:38:42 LONG: -016:28:48 TEMPERATURE ( °C), RAIN (mm), WIND SPEED (kn) HEAT COOL AVG MEAN DEG DEG WIND DOM DAY TEMP HIGH TIME LOW TIME DAYS DAYS RAIN SPEED HIGH TIME DIR -------------------------------------------------------------------------------------------------------- 01 04.9 06.5 09:38 02.3 00:28 13.4 00.0 00.0 05.0 20.0 08:31 SE 02 04.6 06.2 15:04 01.9 01:46 13.7 00.0 00.6 03.5 13.0 14:54 ESE 03 05.1 06.9 13:05 03.5 00:00 13.2 00.0 00.0 04.1 17.0 14:16 ENE 04 04.0 06.9 14:09 01.4 23:59 14.3 00.0 00.0 04.9 18.0 11:59 ENE 05 03.1 06.1 12:36 01.3 00:16 15.2 00.0 00.0 07.9 22.0 09:24 NE 06 02.8 05.2 14:09 -01.4 22:55 15.5 00.0 00.0 05.1 20.0 00:51 ENE 07 00.8 05.1 15:59 -02.2 02:20 17.5 00.0 00.2 02.9 13.0 09:25 N 08 00.5 05.1 16:01 -03.9 05:22 17.8 00.0 00.0 03.4 14.0 14:09 NNE 09 00.7 01.7 00:19 -00.1 08:14 17.6 00.0 00.0 05.1 20.0 23:10 ENE 10 01.4 02.3 15:36 00.0 00:40 16.9 00.0 00.0 06.4 22.0 14:23 ENE 11 03.4 05.6 11:04 01.9 00:00 14.9 00.0 01.6 06.0 24.0 10:41 E 12 02.6 03.1 14:54 01.3 01:28 15.7 00.0 02.6 03.3 11.0 07:46 ENE 13 03.0 04.6 17:00 01.7 07:56 15.3 00.0 00.2 02.5 13.0 22:55 SSW 14 07.2 10.1 12:30 03.4 01:40 11.1 00.0 00.2 05.1 18.0 11:15 S 15 08.4 10.2 11:16 07.0 07:14 09.9 00.0 00.2 04.2 17.0 11:59 S 16 07.6 11.2 11:45 04.7 00:00 10.7 00.0 00.0 05.2 21.0 19:44 SW 17 01.7 04.8 00:07 -00.2 00:00 16.6 00.0 00.8 11.2 24.0 07:16 N 18 -00.0 01.1 16:14 -01.8 06:55 18.3 00.0 00.0 06.3 17.0 02:03 N 19 01.6 03.7 14:23 00.0 00:48 16.7 00.0 00.0 02.2 12.0 15:18 SSE 20 04.7 07.0 13:03 01.1 00:01 13.6 00.0 00.6 02.9 12.0 12:34 S 21 04.8 07.5 16:16 02.6 06:11 13.5 00.0 02.0 01.6 10.0 19:07 S 22 06.0 09.1 16:17 03.9 03:29 12.3 00.0 03.0 04.2 17.0 13:48 SW 23 05.2 09.5 14:57 02.9 23:48 13.1 00.0 00.0 03.4 17.0 16:57 SW 24 04.3 06.8 12:55 01.4 02:05 14.0 00.0 00.2 02.4 14.0 13:14 SSW 25 04.4 06.6 13:40 03.4 00:00 13.9 00.0 00.2 01.7 09.0 10:47 NE 26 04.7 08.4 13:37 02.2 03:07 13.6 00.0 00.0 03.4 16.0 19:59 SE 27 06.7 09.6 11:55 03.3 23:59 11.6 00.0 00.0 04.6 17.0 12:31 ESE 28 06.6 09.3 10:27 02.5 02:38 11.7 00.0 03.4 04.3 18.0 14:56 SE -------------------------------------------------------------------------------------------------------- 04.0 (4.0) 11.2 day 16 -03.9 day 08 401.7 000.0 015.8 04.4 24.0 day 17 E Max <= 10: 25 Min <= 0: 8 Max Rain: 3.4 ON 28-03-24 Days of Rain: 14 (> .2mm) 3 (> 2mm) 0 (> 20mm)